 of v.
5
Let l(c) = 5*c + 3. Let x(i) = -i - 12. Let m be x(-6). Let r(u) = 21*u + 13. Let w(t) = m*r(t) + 26*l(t). List the prime factors of w(1).
2
Suppose 42*h - 43*h = -21. List the prime factors of h.
3, 7
Let i(d) = -d**2 + 11*d + 1. Let h be (1/2)/((-4)/16). Let c(x) = -x**2 + 10*x + 1. Let m(n) = h*i(n) + 3*c(n). What are the prime factors of m(7)?
2
List the prime factors of 237*1/3 + -3.
2, 19
Let u = -1 - -2. Let v be (2 + u)/3*3. Suppose -4*x + 19 = 3*w, -v*x + 18 = x + 2*w. List the prime factors of x.
2
Suppose -6*v + 875 = -v. What are the prime factors of v?
5, 7
Let g = -81 + 272. List the prime factors of g.
191
What are the prime factors of 31824/338 + ((-2)/(-13))/(-1)?
2, 47
Let h(k) = -5*k - k + 2*k + 2*k - 8. Suppose -4*c - 40 = c. List the prime factors of h(c).
2
Let f be (2 + -1)*4/2. List the prime factors of f + -1 + -2 - -4.
3
Let q = 87 + -62. List the prime factors of q.
5
Let z = 3 + -2. What are the prime factors of z/((-10)/12 + 1)?
2, 3
Let m(c) = -c**3 - 2*c**2 - 3*c - 1. Let b be m(-2). Suppose -5*t - 1 = -4*p - 5, -2*t = p + 1. Suppose t = b*a - 22 + 2. List the prime factors of a.
2
Let y = -147 + 219. List the prime factors of y.
2, 3
Suppose -5*j + j = -16. Suppose -j*c = c. Suppose -11 = -d - c. What are the prime factors of d?
11
Let b(o) = o**2 + 5*o + 5. What are the prime factors of b(7)?
89
Suppose 1 = -2*u - 4*n + 21, 34 = 3*u + 2*n. Let m = u + -2. What are the prime factors of m?
2, 5
Let j(s) = -1 - 3 + s - 2. Let m be j(7). Suppose -r = -10 + m. What are the prime factors of r?
3
Let b(j) = 2*j - 5. Let k(n) = n**3 + 6*n**2 + 4*n - 2. Let q be k(-5). Let z = q - -3. List the prime factors of b(z).
7
Suppose 72 = 3*q - 0*q. Let t = q - 17. What are the prime factors of t?
7
Let s(n) = -n + 46. List the prime factors of s(-21).
67
Let z = 239 + -166. What are the prime factors of z?
73
Let u(j) = -j + 3. Let a(q) = 6*q - 14. Let r(c) = 2*a(c) + 11*u(c). Let f be r(0). Let x = 16 - f. What are the prime factors of x?
11
Suppose 5*v + 57 = 8*v. List the prime factors of v.
19
Suppose p - 120 = -4*p. Suppose -3*h = -p - 18. List the prime factors of h.
2, 7
Suppose 5*v + 6 - 21 = 0. Suppose -8*o - 67 = -2*s - v*o, 0 = -s + 5*o + 31. What are the prime factors of s?
2, 3
Let t = 110 - 63. Let u = t + -31. What are the prime factors of u?
2
Let v(j) = -3 - j + 0 + 2*j. Let n be v(8). Suppose 0 = s - 3*g - 4, -s + 3*g = n*g - 4. List the prime factors of s.
2
Suppose v - t = t + 79, 296 = 4*v + 2*t. List the prime factors of v.
3, 5
Suppose -4*n + n - 45 = 0. Let d be 147/n - (-1)/(-5). Let u = d - -18. What are the prime factors of u?
2
Suppose -7*c + 620 = -3*c. What are the prime factors of c?
5, 31
Let y be (-5)/((-3)/9*-3). Let v be 34/10 - (-2)/y. Suppose v*p = -2*p + 20. List the prime factors of p.
2
Let a(r) = -r**2 - 5*r - 4. Let s be a(-4). Let j(n) = 3*n**2 + 4*n. Let f be j(2). Suppose -w + f = -s*w. List the prime factors of w.
2, 5
Suppose 5*r - 5*j + 8*j = 602, -3*r = -j - 364. What are the prime factors of r?
11
Let n(m) = m**3 + 20*m**2 - 2*m - 2. What are the prime factors of n(-20)?
2, 19
Let f be (-290)/(-20) + 1/2. Let m be 1/(-5) + 408/f. Let u = 38 - m. What are the prime factors of u?
11
Let r = -67 - -99. What are the prime factors of r?
2
Let t(b) = -43*b + 6. List the prime factors of t(-2).
2, 23
Suppose -4*j - 2 = 2. List the prime factors of (0 - 1)*(j + -16).
17
Let u(a) = 4*a. Let j be u(-1). Let p = 3 - j. What are the prime factors of p?
7
Let q(o) = -4*o**3 - 2*o**2 + 2*o + 2. What are the prime factors of q(-2)?
2, 11
What are the prime factors of -3*5/15 + 72?
71
Suppose -113 = -f - 5. Suppose 0 = 5*m - 32 - f. What are the prime factors of m?
2, 7
Let p = -14 - -17. List the prime factors of p.
3
Suppose 6*x = 5*x + 4. Suppose x*o + 100 = 9*o. What are the prime factors of o?
2, 5
Suppose s + 4*s = 0. Suppose s = 3*w - 5*w + 20. List the prime factors of w.
2, 5
Let d = -17 + 9. Let h(m) = -m + 2. List the prime factors of h(d).
2, 5
Suppose -5*o = -0*o + 3*g - 19, 2*o - 4*g + 8 = 0. Suppose -d + 42 = d. Suppose -o*i = -i - d. What are the prime factors of i?
3, 7
Let f = 43 + -25. What are the prime factors of f?
2, 3
Let g be (2 + (-12)/9)*3. Suppose 0 = 3*s + g*h + 3 + 3, 5*s = 3*h + 9. Suppose -3 = -j - s. What are the prime factors of j?
3
Let y(t) = t**3 + 8*t**2 + 7*t + 6. Let l be y(-7). Suppose -l*d = -5*d. Suppose d = n + n - 8. List the prime factors of n.
2
Suppose -12 = -3*z, -5*r - 5*z = -z - 26. Suppose 4*i - 2 = -r*f, 3*i - f + 2*f - 3 = 0. List the prime factors of i.
2
Suppose -4*x + 280 = -4*u, 11 = 5*u - 14. List the prime factors of x.
3, 5
Suppose -5*r - 1 = -2*d - 51, 4*r = -5*d + 40. Let b = 1 - r. Let n = -6 - b. List the prime factors of n.
3
Let c be (-24)/(-15) + (-2)/(-5). Let n = 2 + c. List the prime factors of n.
2
Suppose 6*l = -3*f + 5*l + 8, 0 = -3*f - 4*l + 14. Suppose -z + 5*z = f*k - 22, 2*k = z + 25. What are the prime factors of 5 + -7 + k*1?
11
Let g(t) be the first derivative of -2*t**2 - 6*t + 4. What are the prime factors of g(-4)?
2, 5
Let d(q) = -2*q**3 - q**2 + q + 1. Let b be d(-1). What are the prime factors of ((-1 - 13)/(-2))/b?
7
Let n be (-101)/(-4) + 2/(-8). Suppose -3*l + 2*a + n = a, 3*l + 2*a - 31 = 0. What are the prime factors of l?
3
What are the prime factors of 118 + (4 - 28/4)?
5, 23
Let b = 9 + -7. List the prime factors of -1*(-1)/(1/b).
2
Let c(z) = -z - 9. Let w be c(0). Let f = -5 - w. List the prime factors of f.
2
Suppose 7 = 4*y - 9. Suppose -t = 21 - 6. What are the prime factors of (-54)/y*20/t?
2, 3
Suppose 4*p = -3*v + 13 + 115, 0 = -5*p - 4*v + 159. What are the prime factors of p?
5, 7
Let q = -6 + 8. Suppose v - q*v + 25 = 0. Suppose 3*m - v = 23. List the prime factors of m.
2
Let s(j) = j**3 - 2*j**2 - 9*j. Let h(o) = o**3 - o**2 - 8*o + 1. Let a(y) = -6*h(y) + 5*s(y). Suppose 2*x = -2 - 8. List the prime factors of a(x).
2
Suppose -7*v + 5*v + 48 = 0. What are the prime factors of v?
2, 3
Suppose x + 3*g = -3*x - 5, -2*g = 5*x + 8. Let d(j) = -4*j**3 - 2*j**2 + 2*j + 3. What are the prime factors of d(x)?
23
Suppose 2*i - i - 5 = c, -c = 5*i - 25. Suppose -24 = -i*d + 31. List the prime factors of d.
11
Let f = 7 - 5. Suppose j = -2*j - f*z + 115, -33 = -j - 2*z. List the prime factors of j.
41
Let a(u) = u**2 + 4*u. Let v = 4 + -6. Let b be a(v). What are the prime factors of 10 - (b/2 + 0)?
2, 3
Let j(r) = -r**2 + 3*r - 2. Let b be j(5). What are the prime factors of (b/8)/(5/(-170))?
3, 17
Suppose -3*j - 25 = -3*r + 5*r, -4*r - 4*j = 44. Let h be r/(-10)*10/4. Let c(v) = 4*v - 2. What are the prime factors of c(h)?
2, 3
Suppose 3*q - 1 = 14. Suppose -3*n + 4 = -q. What are the prime factors of n?
3
Suppose -5*p = -0*p - 5. Let b be p/((6/(-9))/(-2)). What are the prime factors of (-21)/(-9)*(0 + b)?
7
Let t be (2 - (2 - 1))*-1. Let r(g) = 10*g**2. What are the prime factors of r(t)?
2, 5
Let j(o) = 8*o**2 + 2*o - 1. Let k = 4 - 3. Let n be j(k). Let q(m) = m. What are the prime factors of q(n)?
3
Let y = -7 + 9. List the prime factors of (0 - 0 - -1) + y.
3
Suppose 6*p - 2*p - 32 = 0. Suppose g - 2*g = -p. List the prime factors of (-132)/g*(-2)/3.
11
List the prime factors of (152/(-6))/(12/(-18)).
2, 19
List the prime factors of ((-17)/(-34))/((-2)/(-92)).
23
Suppose -z - 26 = 3*t, 3*z = 2*t + 3*t - 120. Let w = 12 - 34. Let l = w - z. What are the prime factors of l?
13
Suppose m + 46 = 2*u, -m = -4*u + 39 + 57. What are the prime factors of u?
5
Let j(s) = s**3 + 4*s**2 - 10*s. What are the prime factors of j(4)?
2, 11
Suppose -5*h + 14 = -4*h. Let g = h + -11. List the prime factors of g.
3
Let o = 13 + -7. Suppose -36 = o*b - 2*b. List the prime factors of 3/b + (-62)/(-6).
2, 5
Suppose 4*y + 1 = -3*w, 3*w = y + 7*w + 10. Suppose y*x + 40 = -2*x. Let c = x - -23. List the prime factors of c.
13
Suppose 0 = 5*l - 2*l - 18. Suppose 3*q - c - 48 = 0, -4*c = q - l*q + 87. List the prime factors of q.
3, 5
List the prime factors of (126 - 6/(-3)) + 0.
2
Let d(s) be the second derivative of -s**3/3 - 5*s**2/2 + s. Let i(r) = r**3 + 7*r**2 - 8*r - 4. Let t be i(-8). List the prime factors of d(t).
3
Let v be (-45)/1 - -2 - -2. Let n = -27 - v. List the prime factors of n.
2, 